t is the remainder when 196214573 is divided by 29743?
2
What is the remainder when 89860 is divided by 89850?
10
What is the remainder when 1657039 is divided by 127417?
618
Calculate the remainder when 32455941 is divided by 621.
618
Calculate the remainder when 3171804 is divided by 16434.
42
What is the remainder when 12198 is divided by 5865?
468
What is the remainder when 1041577 is divided by 104157?
7
What is the remainder when 801805 is divided by 89067?
202
What is the remainder when 1518253 is divided by 303634?
83
Calculate the remainder when 401368 is divided by 9835.
7968
Calculate the remainder when 164863 is divided by 1616.
31
Calculate the remainder when 133147 is divided by 66421.
305
Calculate the remainder when 20894917 is divided by 1826.
1825
Calculate the remainder when 103447198 is divided by 40.
38
What is the remainder when 145846982 is divided by 141599?
12
Calculate the remainder when 39569 is divided by 1443.
608
What is the remainder when 1278419 is divided by 1078?
989
What is the remainder when 103716 is divided by 24412?
6068
Calculate the remainder when 485443 is divided by 13.
10
Calculate the remainder when 247555 is divided by 62.
51
Calculate the remainder when 3069339 is divided by 4347.
357
What is the remainder when 551607 is divided by 451?
34
What is the remainder when 17677134 is divided by 68?
58
Calculate the remainder when 926827 is divided by 8275.
27
Calculate the remainder when 383271 is divided by 4674.
3
Calculate the remainder when 551631 is divided by 68857.
775
Calculate the remainder when 2193459 is divided by 109672.
19
What is the remainder when 1573246 is divided by 1487?
0
Calculate the remainder when 19901883 is divided by 4375.
8
What is the remainder when 7687 is divided by 7563?
124
Calculate the remainder when 213946 is divided by 904.
602
Calculate the remainder when 1422024 is divided by 736.
72
What is the remainder when 5114197 is divided by 2123?
2013
Calculate the remainder when 582736 is divided by 26.
24
Calculate the remainder when 3829085 is divided by 57.
53
Calculate the remainder when 4873348 is divided by 159.
157
Calculate the remainder when 9682514 is divided by 77.
72
Calculate the remainder when 4037590 is divided by 19.
14
Calculate the remainder when 1468728 is divided by 7235.
23
Calculate the remainder when 799303 is divided by 1127.
260
What is the remainder when 14563093 is divided by 98?
97
Calculate the remainder when 9828026 is divided by 9828025.
1
What is the remainder when 559506 is divided by 62165?
21
Calculate the remainder when 11895247 is divided by 10290.
7
What is the remainder when 6111672 is divided by 316?
232
Calculate the remainder when 168285 is divided by 17.
2
What is the remainder when 15069768 is divided by 1291?
1216
What is the remainder when 6141889 is divided by 19314?
37
Calculate the remainder when 30587881 is divided by 1222.
1221
Calculate the remainder when 588153 is divided by 247.
46
What is the remainder when 871414 is divided by 465?
4
Calculate the remainder when 33504 is divided by 10358.
2430
What is the remainder when 1496587 is divided by 372670?
5907
What is the remainder when 480221284 is divided by 2467?
2465
What is the remainder when 134473 is divided by 33408?
841
What is the remainder when 12963237 is divided by 40?
37
What is the remainder when 17304157 is divided by 145?
2
Calculate the remainder when 1734109 is divided by 52.
13
What is the remainder when 65204543 is divided by 7?
5
Calculate the remainder when 230189 is divided by 12107.
156
What is the remainder when 29934 is divided by 2373?
1458
Calculate the remainder when 20588842 is divided by 299.
1
What is the remainder when 2277274 is divided by 325236?
622
Calculate the remainder when 412967541 is divided by 4323.
4320
What is the remainder when 191584 is divided by 223?
27
Calculate the remainder when 5914475 is divided by 2254.
2233
Calculate the remainder when 10469519 is divided by 11.
5
Calculate the remainder when 1069520 is divided by 581.
480
What is the remainder when 19492 is divided by 19487?
5
What is the remainder when 740208 is divided by 37010?
8
What is the remainder when 4774408 is divided by 3972?
64
What is the remainder when 299526 is divided by 32977?
2733
Calculate the remainder when 424098 is divided by 268.
122
What is the remainder when 82651643 is divided by 46?
39
What is the remainder when 79855 is divided by 39?
22
Calculate the remainder when 473735 is divided by 111.
98
Calculate the remainder when 38985 is divided by 6331.
999
What is the remainder when 306963795 is divided by 22?
17
What is the remainder when 59438 is divided by 6505?
893
What is the remainder when 9160843 is divided by 1526807?
1
Calculate the remainder when 176951 is divided by 44190.
191
Calculate the remainder when 54738 is divided by 18182.
192
Calculate the remainder when 1271702 is divided by 660.
542
What is the remainder when 2054101 is divided by 55?
16
What is the remainder when 2508416 is divided by 769?
707
What is the remainder when 7800038 is divided by 639?
404
What is the remainder when 3469714 is divided by 221?
14
What is the remainder when 8493237 is divided by 673?
650
Calculate the remainder when 71079710 is divided by 23693230.
20
Calculate the remainder when 4103723 is divided by 124355.
8
Calculate the remainder when 9824 is divided by 16.
0
What is the remainder when 32623723 is divided by 1733?
1731
Calculate the remainder when 130887 is divided by 1031.
981
What is the remainder when 114575544 is divided by 1308?
1284
What is the remainder when 17427 is divided by 2979?
2532
Calculate the remainder when 555185 is divided by 18.
11
What is the remainder when 201957 is divided by 2266?
283
Calculate the remainder when 56299 is divided by 7788.
1783
What is the remainder when 4182427 is divided by 88987?
38
What is the remainder when 152656 is divided by 13808?
768
What is the remainder when 141386445 is divided by 228?
225
What is the remainder when 667231 is divided by 667224?
7
Calculate the remainder when 1183853 is divided by 394612.
17
What is the remainder when 7072124 is divided by 1785?
1739
What is the remainder when 18357 is divided by 17428?
929
Calculate the remainder when 86958 is divided by 1035.
18
Calculate the remainder when 6549619 is divided by 3775.
3769
What is the remainder when 28832 is divided by 2873?
102
What is the remainder when 12989 is divided by 5942?
1105
What is the remainder when 891240 is divided by 297045?
105
Calculate the remainder when 2864783 is divided by 11.
9
What is the remainder when 2617601 is divided by 17686?
73
What is the remainder when 2195320 is divided by 5434?
5418
Calculate the remainder when 1504559 is divided by 8047.
7817
What is the remainder when 521614 is divided by 173870?
4
Calculate the remainder when 22111 is divided by 312.
271
Calculate the remainder when 206716 is divided by 25827.
100
Calculate the remainder when 381224 is divided by 54304.
1096
Calculate the remainder when 87916 is divided by 2677.
2252
Calculate the remainder when 35296931 is divided by 118446.
23
Calculate the remainder when 8646812 is divided by 49.
27
Calculate the remainder when 153467769 is divided by 308.
301
What is the remainder when 17216549 is divided by 45?
44
Calculate the remainder when 184598647 is divided by 1768.
1767
Calculate the remainder when 4267938 is divided by 1891.
1842
What is the remainder when 40477090 is divided by 879?
19
Calculate the remainder when 33649 is divided by 1020.
1009
What is the remainder when 5982621 is divided by 6618?
6567
What is the remainder when 89318 is divided by 220?
218
Calculate the remainder when 1291368 is divided by 465.
63
Calculate the remainder when 2088352 is divided by 629.
72
Calculate the remainder when 1449588 is divided by 48316.
108
Calculate the remainder when 5180214 is divided by 1086.
1080
Calculate the remainder when 43120 is divided by 3104.
2768
What is the remainder when 503605 is divided by 649?
630
Calculate the remainder when 658909 is divided by 51.
40
Calculate the remainder when 4973565 is divided by 2486779.
7
Calculate the remainder when 7489456 is divided by 559.
533
Calculate the remainder whe